{"id":1174,"date":"2024-04-08T13:37:34","date_gmt":"2024-04-08T11:37:34","guid":{"rendered":"https:\/\/www.haeweibau.de\/?page_id=1174"},"modified":"2024-09-26T04:39:06","modified_gmt":"2024-09-26T02:39:06","slug":"haeweibau-2023","status":"publish","type":"page","link":"https:\/\/www.haeweibau.de\/?page_id=1174","title":{"rendered":"Haeweibau 2023"},"content":{"rendered":"\n<p>Zu unserem 2. Haeweibau  konnten wir die Teilnehmerzahl auf stattliche 13 Personen steigern. Wir haben durchweg positive Resonanz erhalten und so war es dann eigentlich  klar, dass dies fr\u00fcher oder sp\u00e4ter in die Presse muss. Mit einer kleinen Starthilfe nahm das ganze Event so derma\u00dfen an Fahrt auf, dass es einem eigentlich schon unheimlich war. <\/p>\n\n\n\n<p>S\u00e4mtliche Radio- und TV-Sender, Zeitungen und Onlinekan\u00e4le griffen unseren Wettbewerb auf und machten das Event \u00fcberregional bekannt. Klickt euch in alle Ruhe durch die Unterseiten, da gibt es einiges zu entdecken&#8230;<\/p>\n\n\n\n<p>Wollen wir f\u00fcr 2024 hoffen, dass sich noch der ein oder andere findet und Teil unserer &#8222;Krankheit&#8220; wird&#8230;.<\/p>\n\n\n\n<p>Thomas<\/p>\n\n\n\n<ul class=\"wp-block-list\">\n<li><a href=\"https:\/\/www.haeweibau.de\/?page_id=1350\" data-type=\"page\" data-id=\"1350\">HaeWeiBau-Hymne 1.0<\/a> <\/li>\n\n\n\n<li><a href=\"https:\/\/www.haeweibau.de\/?page_id=1176\" data-type=\"page\" data-id=\"1176\">Teilnehmer 2023<\/a>      <\/li>\n\n\n\n<li><a href=\"https:\/\/www.haeweibau.de\/?page_id=1245\" data-type=\"page\" data-id=\"1245\">Ehrenteilnehmer 2023<\/a>    <\/li>\n\n\n\n<li><a href=\"https:\/\/www.haeweibau.de\/?page_id=1178\" data-type=\"page\" data-id=\"1178\">Rangliste 2023<\/a>     <\/li>\n\n\n\n<li><a href=\"https:\/\/www.haeweibau.de\/?page_id=1186\" data-type=\"page\" data-id=\"1186\">Presse \/ TV<\/a><\/li>\n<\/ul>\n\n\n\n<p><\/p>\n","protected":false},"excerpt":{"rendered":"<p>Zu unserem 2. Haeweibau konnten wir die Teilnehmerzahl auf stattliche 13 Personen steigern. Wir haben durchweg positive Resonanz erhalten und<\/p>\n<p><a href=\"https:\/\/www.haeweibau.de\/?page_id=1174\" class=\"more-link\">weiterlesen&#8230;<span class=\"screen-reader-text\">Haeweibau 2023<\/span><\/a><\/p>\n","protected":false},"author":1,"featured_media":0,"parent":0,"menu_order":0,"comment_status":"closed","ping_status":"closed","template":"","meta":{"footnotes":""},"class_list":["post-1174","page","type-page","status-publish","hentry"],"_links":{"self":[{"href":"https:\/\/www.haeweibau.de\/index.php?rest_route=\/wp\/v2\/pages\/1174","targetHints":{"allow":["GET"]}}],"collection":[{"href":"https:\/\/www.haeweibau.de\/index.php?rest_route=\/wp\/v2\/pages"}],"about":[{"href":"https:\/\/www.haeweibau.de\/index.php?rest_route=\/wp\/v2\/types\/page"}],"author":[{"embeddable":true,"href":"https:\/\/www.haeweibau.de\/index.php?rest_route=\/wp\/v2\/users\/1"}],"replies":[{"embeddable":true,"href":"https:\/\/www.haeweibau.de\/index.php?rest_route=%2Fwp%2Fv2%2Fcomments&post=1174"}],"version-history":[{"count":8,"href":"https:\/\/www.haeweibau.de\/index.php?rest_route=\/wp\/v2\/pages\/1174\/revisions"}],"predecessor-version":[{"id":1744,"href":"https:\/\/www.haeweibau.de\/index.php?rest_route=\/wp\/v2\/pages\/1174\/revisions\/1744"}],"wp:attachment":[{"href":"https:\/\/www.haeweibau.de\/index.php?rest_route=%2Fwp%2Fv2%2Fmedia&parent=1174"}],"curies":[{"name":"wp","href":"https:\/\/api.w.org\/{rel}","templated":true}]}}