{"id":1616,"date":"2024-09-25T12:00:10","date_gmt":"2024-09-25T10:00:10","guid":{"rendered":"https:\/\/www.haeweibau.de\/?page_id=1616"},"modified":"2024-12-29T21:29:55","modified_gmt":"2024-12-29T20:29:55","slug":"haeweibau-2024","status":"publish","type":"page","link":"https:\/\/www.haeweibau.de\/?page_id=1616","title":{"rendered":"Haeweibau 2024"},"content":{"rendered":"\n<p>Unser diesj\u00e4hriger Haeweibau war wieder ein voller Erfolg. 26 Teilnehmer haben um den Titel gerungen. Wir danken allen Teilnehmern, dass ihr den Spa\u00df wieder mitgemacht habt. Ihr wisst am besten, dass das nicht selbstverst\u00e4ndlich ist. Ich hoff sehr, dass wir euch zum kommenden Haeweibau alle wieder begr\u00fc\u00dfen d\u00fcrfen. Wir danken au\u00dferdem den tausenden Besuchern unserer Webseite, danke f\u00fcr jeden einzelnen Kommentar und danke f\u00fcr \u00fcber 50.000 !!! vergebene Sterne f\u00fcr unsere Teilnehmer. VIELEN DANK!<\/p>\n\n\n\n<p> <a href=\"https:\/\/www.haeweibau.de\/?page_id=2225\" data-type=\"page\" data-id=\"2225\">Hier kommt ihr zur Auswertung!<\/a><\/p>\n\n\n\n<p><a href=\"https:\/\/www.haeweibau.de\/?page_id=1750\" data-type=\"page\" data-id=\"1750\">Hier kommt ihr zum Ranking 2024!<\/a><\/p>\n\n\n\n<p><\/p>\n","protected":false},"excerpt":{"rendered":"<p>Unser diesj\u00e4hriger Haeweibau war wieder ein voller Erfolg. 26 Teilnehmer haben um den Titel gerungen. Wir danken allen Teilnehmern, dass<\/p>\n<p><a href=\"https:\/\/www.haeweibau.de\/?page_id=1616\" class=\"more-link\">weiterlesen&#8230;<span class=\"screen-reader-text\">Haeweibau 2024<\/span><\/a><\/p>\n","protected":false},"author":1,"featured_media":0,"parent":0,"menu_order":0,"comment_status":"closed","ping_status":"closed","template":"","meta":{"footnotes":""},"class_list":["post-1616","page","type-page","status-publish","hentry"],"_links":{"self":[{"href":"https:\/\/www.haeweibau.de\/index.php?rest_route=\/wp\/v2\/pages\/1616","targetHints":{"allow":["GET"]}}],"collection":[{"href":"https:\/\/www.haeweibau.de\/index.php?rest_route=\/wp\/v2\/pages"}],"about":[{"href":"https:\/\/www.haeweibau.de\/index.php?rest_route=\/wp\/v2\/types\/page"}],"author":[{"embeddable":true,"href":"https:\/\/www.haeweibau.de\/index.php?rest_route=\/wp\/v2\/users\/1"}],"replies":[{"embeddable":true,"href":"https:\/\/www.haeweibau.de\/index.php?rest_route=%2Fwp%2Fv2%2Fcomments&post=1616"}],"version-history":[{"count":5,"href":"https:\/\/www.haeweibau.de\/index.php?rest_route=\/wp\/v2\/pages\/1616\/revisions"}],"predecessor-version":[{"id":2366,"href":"https:\/\/www.haeweibau.de\/index.php?rest_route=\/wp\/v2\/pages\/1616\/revisions\/2366"}],"wp:attachment":[{"href":"https:\/\/www.haeweibau.de\/index.php?rest_route=%2Fwp%2Fv2%2Fmedia&parent=1616"}],"curies":[{"name":"wp","href":"https:\/\/api.w.org\/{rel}","templated":true}]}}